 and 1197?
63
Calculate the greatest common factor of 1200 and 32.
16
What is the highest common divisor of 36 and 3510?
18
What is the greatest common divisor of 22 and 605?
11
What is the greatest common divisor of 37 and 333?
37
Calculate the greatest common factor of 16 and 176.
16
What is the highest common divisor of 138 and 9154?
46
Calculate the highest common factor of 832 and 128.
64
Calculate the highest common divisor of 33 and 22.
11
Calculate the highest common divisor of 46 and 10718.
46
Calculate the greatest common divisor of 729 and 9.
9
What is the highest common factor of 69 and 10281?
69
Calculate the highest common factor of 118 and 2301.
59
What is the greatest common divisor of 374 and 418?
22
What is the greatest common factor of 33066 and 99?
99
Calculate the highest common divisor of 12 and 12.
12
What is the highest common divisor of 162 and 405?
81
Calculate the greatest common factor of 39 and 2847.
39
Calculate the greatest common divisor of 42 and 994.
14
Calculate the highest common factor of 45 and 18.
9
Calculate the highest common factor of 1975 and 75.
25
What is the greatest common divisor of 30 and 13580?
10
Calculate the highest common divisor of 189 and 81.
27
What is the greatest common divisor of 27222 and 18?
6
What is the highest common factor of 74 and 629?
37
What is the highest common factor of 561 and 51?
51
Calculate the greatest common factor of 96 and 540.
12
Calculate the greatest common divisor of 22 and 1408.
22
Calculate the highest common divisor of 36 and 153.
9
Calculate the highest common divisor of 13 and 53287.
13
Calculate the highest common divisor of 161 and 253.
23
What is the greatest common divisor of 1239 and 210?
21
Calculate the greatest common divisor of 493 and 58.
29
Calculate the greatest common factor of 48 and 112.
16
What is the highest common factor of 851 and 259?
37
What is the highest common divisor of 30 and 120?
30
What is the greatest common divisor of 105 and 301?
7
Calculate the greatest common divisor of 20 and 20.
20
What is the greatest common factor of 376 and 47?
47
What is the greatest common divisor of 171 and 36?
9
Calculate the highest common factor of 988 and 1300.
52
Calculate the greatest common divisor of 63 and 147.
21
Calculate the greatest common divisor of 183 and 1891.
61
What is the greatest common divisor of 26 and 1339?
13
Calculate the highest common factor of 84 and 2156.
28
What is the highest common divisor of 93 and 2480?
31
What is the highest common factor of 6 and 294?
6
Calculate the greatest common factor of 1175 and 150.
25
What is the greatest common divisor of 41 and 451?
41
Calculate the greatest common divisor of 117 and 858.
39
What is the highest common factor of 302 and 2?
2
Calculate the greatest common divisor of 24630 and 20.
10
What is the highest common factor of 405 and 60?
15
Calculate the greatest common factor of 143 and 341.
11
What is the greatest common factor of 10 and 16?
2
What is the greatest common divisor of 13 and 286?
13
What is the greatest common factor of 704 and 2?
2
What is the highest common factor of 200 and 9800?
200
What is the greatest common factor of 1632 and 34?
34
Calculate the highest common factor of 34 and 5202.
34
Calculate the greatest common factor of 198 and 15.
3
Calculate the greatest common divisor of 203 and 7.
7
Calculate the greatest common factor of 12231 and 81.
81
What is the greatest common factor of 116 and 2146?
58
Calculate the highest common factor of 12 and 192.
12
What is the greatest common factor of 60 and 20?
20
Calculate the greatest common factor of 540 and 1728.
108
Calculate the greatest common factor of 64 and 1936.
16
Calculate the highest common factor of 335 and 5.
5
What is the greatest common divisor of 195 and 5?
5
Calculate the greatest common factor of 7399 and 147.
49
Calculate the greatest common factor of 1704 and 6.
6
Calculate the greatest common factor of 63 and 40509.
63
What is the highest common factor of 40 and 320?
40
Calculate the greatest common divisor of 250 and 470.
10
What is the highest common divisor of 6493 and 129?
43
What is the greatest common factor of 84 and 196?
28
What is the highest common factor of 19 and 1349?
19
Calculate the highest common factor of 429 and 33.
33
Calculate the highest common factor of 110 and 3530.
10
What is the highest common divisor of 10720 and 10?
10
Calculate the highest common divisor of 16 and 968.
8
Calculate the highest common factor of 44 and 1122.
22
Calculate the highest common divisor of 44 and 108.
4
Calculate the greatest common factor of 1408 and 44.
44
Calculate the highest common divisor of 423 and 9.
9
What is the greatest common factor of 1094 and 20?
2
Calculate the highest common factor of 207 and 69.
69
What is the greatest common divisor of 3 and 3039?
3
What is the greatest common divisor of 3978 and 36?
18
Calculate the highest common divisor of 60 and 2076.
12
What is the greatest common divisor of 136 and 1972?
68
What is the greatest common factor of 25 and 35?
5
What is the highest common factor of 6 and 123?
3
What is the highest common factor of 158 and 6?
2
What is the greatest common divisor of 108 and 132?
12
What is the highest common divisor of 24 and 2?
2
What is the highest common factor of 55 and 5?
5
What is the highest common divisor of 2265 and 15?
15
Calculate the greatest common divisor of 38 and 9804.
38
Calculate the greatest common factor of 5 and 1795.
5
Calculate the greatest common factor of 450 and 72.
18
What is the greatest common divisor of 24 and 2148?
12
What is the greatest common factor of 187 and 85?
17
Calculate the greatest common divisor of 580 and 980.
20
What is the greatest common factor of 11 and 32285?
11
Calculate the highest common factor of 694 and 22.
2
Calculate the greatest common divisor of 685 and 5.
5
Calculate the greatest common divisor of 350 and 250.
50
What is the greatest common divisor of 336 and 368?
16
Calculate the greatest common divisor of 1778 and 504.
14
Calculate the greatest common divisor of 319 and 203.
29
What is the greatest common divisor of 18 and 5400?
18
Calculate the greatest common divisor of 118 and 6313.
59
Calculate the greatest common divisor of 14 and 112.
14
Calculate the highest common factor of 7372 and 76.
76
What is the greatest common divisor of 2938 and 13?
13
Calculate the highest common factor of 60 and 100.
20
Calculate the greatest common divisor of 33644 and 39.
13
What is the highest common factor of 215 and 55?
5
What is the highest common factor of 6 and 2844?
6
What is the highest common divisor of 34 and 4?
2
Calculate the highest common divisor of 910 and 42.
14
What is the greatest common divisor of 4 and 4?
4
Calculate the greatest common divisor of 11 and 121.
11
What is the highest common divisor of 12 and 996?
12
What is the greatest common factor of 586 and 4?
2
What is the highest common factor of 66 and 72?
6
What is the greatest common factor of 812 and 56?
28
Calculate the greatest common divisor of 1792 and 21.
7
What is the highest common factor of 84 and 273?
21
What is the highest common divisor of 3136 and 1088?
64
What is the highest common factor of 4336 and 208?
16
Calculate the highest common divisor of 54 and 1044.
18
What is the greatest common divisor of 10757 and 62?
31
What is the greatest common divisor of 7496 and 104?
8
Calculate the highest common divisor of 189 and 1638.
63
What is the highest common divisor of 85 and 1955?
85
What is the greatest common divisor of 17 and 8857?
17
Calculate the highest common factor of 266 and 3420.
38
Calculate the greatest common factor of 310 and 558.
62
What is the greatest common divisor of 10 and 230?
10
What is the highest common factor of 1500 and 60?
60
What is the greatest common factor of 243 and 54?
27
Calculate the highest common divisor of 500 and 6700.
100
Calculate the greatest common divisor of 972 and 405.
81
Calculate the greatest common divisor of 588 and 624.
12
What is the highest common divisor of 1266 and 211?
211
What is the highest common factor of 2988 and 972?
36
What is the greatest common factor of 759 and 414?
69
What is the greatest common factor of 22 and 275?
11
What is the 